 g.
11
Suppose 0*z + z + 1 = 0, 3*p - 13 = 4*z. Suppose -4 - 8 = -p*w. Suppose 0 = 3*x - w*x + 4. Calculate the greatest common divisor of x and 10.
2
Let y = -879 + 903. What is the highest common divisor of 1304 and y?
8
Let c be 39 + (47/(-8) - 16/1152*9). What is the highest common factor of 5379 and c?
33
Let s be 513 + -510 + -1 + 1 + 2087. Calculate the highest common divisor of 110 and s.
110
Let q = -47 - -44. Let x be 11 + (-2 + -3 - q). Let k = 24 + x. What is the greatest common divisor of 3 and k?
3
Let n = -1794 + 1919. What is the greatest common factor of 20 and n?
5
Let n(u) = u**3 - 3*u**2 - 4*u + 55. Let r be n(5). What is the greatest common divisor of r and 165?
5
Let s = -7067 + 7238. What is the highest common factor of s and 1179?
9
Let c be ((-4 - 0)/4)/(5/(-10)). Let y be (1 - (c - 5))*12*7. What is the greatest common factor of 28 and y?
28
Let c = -1529 - -1537. Let j(x) = -10*x**2 + 1. Let d be j(-1). Let f = 15 + d. What is the highest common divisor of c and f?
2
Suppose 38*w + 117 = 51*w. Suppose 9 = 3*o - 5*m, -6*o - 4*m = -3*o - w. What is the highest common divisor of o and 3?
3
Let k be 342/81 + 4/(-18). Suppose 2*n - k*r = -3*n - 107, n + 2*r = -27. Let h = n - -93. Calculate the highest common divisor of 28 and h.
14
Let u be (-3976)/(-213) - 8/18*(-15)/(-10). Calculate the highest common divisor of 5760 and u.
18
Suppose -206 = -43*z + 826. Let f be -5*(-8)/20*44. Calculate the greatest common divisor of f and z.
8
Let u(j) be the first derivative of -7*j**2 + 16*j + 36. Let p be u(-1). Calculate the highest common factor of p and 390.
30
Let h = -66 - -162. Let d(p) = p**2 + 5*p - 18. Let c be d(3). Suppose -c*y + 8*y - 121 = 5*b, -y + b = -53. What is the greatest common divisor of y and h?
48
Suppose 0 = -13*v - 1152 + 3427. Suppose 4*n = n - 4*a - 12, 9 = -3*a. Suppose n = 2*t - v + 7. Calculate the highest common divisor of 210 and t.
42
Suppose 0 = 2*j - 2*v - 52, 3*j - 2 = -4*v + 69. Let x = -99 + 724. Calculate the greatest common factor of x and j.
25
Suppose 3*r + 2*h + 49 = -17, -4*h = -r - 8. Let s be r/(-25)*5 - -238. Suppose -9*z + s = -568. Calculate the greatest common factor of z and 225.
45
Let t be (30/(-40))/(-2*3/64). Suppose -4*h - 4*f + f = -137, -4*f + 76 = 2*h. Calculate the highest common divisor of h and t.
8
Let j be ((-20)/25)/((-14)/12775). Suppose -5*h + 14*k = 19*k - 1230, 0 = 3*h + 5*k - j. What is the highest common factor of h and 10?
10
Suppose -3*c - 2*u = -1268, 5*u = 4*c - 1934 + 274. Calculate the highest common factor of c and 35.
35
Let g be (7/7)/((-42)/(-35700)). What is the highest common factor of g and 400?
50
Let z be ((-3)/2)/(9/(-60)*(-170)/(-68)). Let t = -27 + 71. What is the highest common factor of z and t?
4
Let y = -4 + 6. Let z be y*1*(11 - 12). Let h = z - -22. Calculate the highest common divisor of h and 4.
4
Let c(f) = 3 - 11 + 27*f + 2*f**2 - 19*f - 16*f. Let x be c(-2). Calculate the highest common factor of x and 4.
4
Let o be (-9392)/(-11) + (-46)/(-253). Let j = o - 325. What is the highest common factor of 23 and j?
23
Let y(n) = 35*n + 170. Let t be y(5). What is the greatest common divisor of t and 210?
15
Suppose -105 = -4*u - 4*g + 51, 2*u = 4*g + 108. Suppose -5*m + 32 = -188. Calculate the greatest common factor of m and u.
44
Let s be 1 + 0/1 + 12 + -7. Let l(v) be the first derivative of v**2 - 5*v - 11. Let t be l(4). Calculate the highest common divisor of t and s.
3
Suppose -452*f + 2*f + 36000 = 0. Let o be (-4)/12 + 62/6. What is the greatest common factor of o and f?
10
Suppose 108*z - 64*z - 64856 = 0. Calculate the greatest common divisor of 44 and z.
22
Let s be 271/((34/(-238))/((-12)/602) + -7). What is the highest common divisor of 60 and s?
6
Suppose -20 = -4*h - h. Let x be 0 - (h - (3 - -4)). Suppose -5*d - 2*m + 34 = 0, 0*d - x*m - 49 = -5*d. Calculate the greatest common factor of 56 and d.
8
Suppose -4*p - 41*p + 626484 = 38*p. Calculate the greatest common factor of 153 and p.
51
Let t = 10866 + -5784. What is the greatest common divisor of 252 and t?
42
Suppose -65*c = -68*c - 9. Let s be c/(-15)*152 - 12/30. Suppose -1650 = 2*w - 7*w. What is the greatest common factor of s and w?
30
Suppose -4*s + s - 135 = 0. Suppose 15*l = 29*l + 742. Let n = s - l. Calculate the greatest common factor of 88 and n.
8
Let l = 23 + -23. Suppose -m - 5*z = -l*z - 24, m - 30 = -3*z. Let v be (52/8)/(2/4). What is the greatest common factor of v and m?
13
Let y = 52 + -25. Suppose 4*d + y = -5. Let b(x) = -5*x + 1. Let h be b(d). Calculate the greatest common divisor of h and 41.
41
Let y be (1 - 3*(3 - 2)) + 2. Suppose z = -y - 0. Suppose 5*m + a - 402 = z, 0 = -2*m + 5*a - a + 152. What is the greatest common divisor of m and 10?
10
Suppose 0 = 18*y - 13*y - 4*c - 613, c - 461 = -4*y. What is the greatest common factor of y and 1391?
13
Suppose -12231 = -3*y + 108*k - 113*k, 2*y - 8168 = -k. What is the highest common divisor of y and 244?
61
Let s(f) = 2452*f - 14701. Let v be s(6). What is the greatest common factor of 5830 and v?
11
Let d = 5356 + -316. Calculate the highest common divisor of 35 and d.
35
Let b = 4834 + 13575. What is the greatest common divisor of b and 41?
41
Let b be 1/(((-37)/(-15836))/(110/8)). Calculate the greatest common factor of b and 110.
55
Suppose -55*m - 83*m + 40296 = 0. Calculate the highest common factor of m and 4234.
146
Suppose 0 = 9*j - 2*y - 1437, -137 = -j - 24*y + 28*y. Calculate the greatest common divisor of 736 and j.
23
Suppose 32*o + 1724 = 2108. What is the greatest common factor of o and 688?
4
Let i(d) = -77*d + 3236. Let z be i(37). Calculate the highest common factor of z and 630.
9
Suppose -5*j + 93 = 3*i, 0 = -4*j - 610*i + 612*i + 70. What is the greatest common divisor of j and 2052?
18
Suppose 0 = -7*j + 126. Suppose j = 4*g - 2. Suppose 7*b - 56 = 3*b - 4*x, 3*b + g*x = 44. What is the highest common factor of 13 and b?
13
Let c(p) = p**2 + p + 140. Let y be c(0). Let b be 28/(-98) + 191/7. Suppose b*q - 230 - 310 = 0. Calculate the greatest common factor of q and y.
20
Let p(f) = 1720*f + 389. Let j be p(3). Calculate the highest common factor of j and 179.
179
Suppose 27*a - 8177 = -8*a - 2*a. Calculate the highest common divisor of a and 117.
13
Let r be -2 + (-46)/(-5) + (-9)/45. Let c(w) = w**2 + 3*w - 3. Let n be c(-4). Calculate the greatest common divisor of r and n.
1
Let x(g) = -g**3 + 19*g**2 + 33*g - 66. Let z be x(14). What is the greatest common divisor of z and 192?
32
Let k be (-12480)/(-690) + 4/(-46). Calculate the greatest common factor of 946 and k.
2
Let j = 30182 + -30038. Calculate the greatest common factor of j and 1110.
6
Suppose 18*k - 10082 - 24568 = 0. What is the greatest common factor of k and 7?
7
Let j(c) = -6*c**2 + 12*c. Let g be j(2). Suppose -3*d + 2*i + 13 = 0, d + g*d + 14 = -3*i. Let s = d - -21. Calculate the greatest common divisor of s and 198.
22
Suppose 5*m - c = -4*c + 42, 5*c - 18 = -4*m. Let h = 3 + -1. Suppose 0 = h*p - 176 + 56. Calculate the greatest common divisor of m and p.
12
Let c be 1 + (-3 + (-24)/30)*(-8 + -2). What is the highest common divisor of 72 and c?
3
Let j be (2/(-2))/((-5)/1540). Let a = j - 307. What is the highest common divisor of a and 1?
1
Let f(u) = u**2 - 5*u - 41. Let d be f(13). Let p = d + -43. What is the highest common factor of 70 and p?
10
Suppose 809 - 281 = 3*t. Let x = t + -143. Calculate the highest common factor of 3 and x.
3
Suppose 16*f - 14*f + 81 = 3*n, n - 16 = -3*f. Calculate the highest common divisor of 1175 and n.
25
Let h(l) = 2*l + 6 + 1 + 7*l - 2*l**2. Suppose -4*w = z - 15, -2*w + w - 3*z = 10. Let o be h(w). Calculate the greatest common divisor of 18 and o.
2
Let q(z) = -z**2 + 10*z - 15. Let h = 54 - 52. Suppose 3*o + 4*x = x + 12, -h*o = -x - 11. Let i be q(o). What is the highest common divisor of i and 50?
10
Let d(n) = -4*n + 96. Let x be d(8). What is the highest common factor of x and 1728?
64
Let g be 18 - 18 - (-232)/4 - -2. Let r(k) = k**3 - 8*k**2 + 2*k + 4. Let i be r(8). What is the greatest common divisor of i and g?
20
Let p = -13135 + 13149. Suppose -h - 4*h - j + 67 = 0, -2*h + 4*j = -40. Calculate the highest common factor of p and h.
14
Suppos